z?
12
Suppose -8*p = -22*p + 210. Suppose -2 + 5 = -2*x + 3*a, -3*a + 15 = 0. Calculate the highest common factor of x and p.
3
Let a(u) = 0*u - 4*u - u + 7*u + 36. Let s be a(-15). What is the greatest common factor of s and 10?
2
Suppose 0 = p + 3*p - 8. Suppose 36 = 3*q - 5*u, -p*q + u + 23 = -1. Calculate the highest common factor of 132 and q.
12
Suppose 5 = 3*v - 4. Suppose 0 = -13*i - 27 + 378. Calculate the greatest common divisor of v and i.
3
Let x(i) = -i**2 + 12*i - 4. Let q be x(11). Suppose 0 = 10*t - 4*t - 294. What is the highest common divisor of q and t?
7
Let g be (-2 - -3) + -3 + 2. Suppose g = -d - d + 30. Calculate the highest common divisor of 60 and d.
15
Suppose -4*n - 20 = 0, 5*m - 827 + 112 = -n. What is the greatest common factor of m and 216?
72
Let k(v) = v**3 + 7*v**2 - 21*v + 12. Let x be k(-9). Calculate the greatest common divisor of x and 9.
3
Let l be (-1 - -41)/((-2)/(-14)). Let m = -686 + 721. Calculate the greatest common factor of l and m.
35
Suppose -138 + 600 = 14*j. What is the greatest common factor of j and 1320?
33
Let f = -13 - -19. Let a(y) = 3*y**2 - 6*y - 2. Let o be a(f). Let t = 118 + -108. What is the highest common divisor of o and t?
10
Suppose 3*c - 29 = -5*q, 4 + 53 = 5*c + 4*q. Calculate the greatest common divisor of c and 1625.
13
Let r = 29 + -21. Let w(g) = 49*g - 15. Let v be w(r). Suppose 4*h = -5*s + v, 2*h - 2*s - 126 = 76. Calculate the highest common factor of h and 14.
14
Let v be (45/4)/(6 + 360/(-64)). What is the greatest common divisor of 90 and v?
30
Suppose 5*m - 7*m + 28 = 0. Calculate the greatest common factor of 7 and m.
7
Let q be 4 - -2*(4 - 5). Suppose q*v = -6, -4*u - 5*v + 2*v + 7 = 0. What is the highest common divisor of u and 8?
4
Suppose 247*r - 251*r = -13500. Calculate the greatest common divisor of r and 135.
135
Suppose 0 = 5*s - q - 28, -9*q = -5*s - 12*q + 36. Let i be ((-36)/(-7))/((-8)/(-84)). Calculate the greatest common divisor of s and i.
6
Suppose 0 = -2*s - 8 + 132. Suppose 145 = 4*c + 3*o, -5*c + 3*c + 2*o = -s. Let v be (4 - -1)*-2*34/(-4). What is the greatest common divisor of v and c?
17
Let y = 91 + -60. Let z be (-339)/(-5) - 5 - 32/40. Calculate the highest common divisor of z and y.
31
Let c be (-1*2)/(-23 + 21). Let z be ((-12)/(-9) - c)*117. What is the greatest common divisor of z and 156?
39
Let q be ((-2 - 0) + 0)/(1/(-697)). What is the greatest common factor of q and 34?
34
Suppose -3*p - 5*x + 45 = 0, 3*x = -3*p + 6*x + 21. Let z = -83 + 163. What is the highest common factor of p and z?
10
Let a = 31 + -23. Let k(b) = -2 + 5*b**2 - b**3 - 3*b**2 - a + 2*b**2 + 6*b. Let m be k(4). Calculate the greatest common divisor of m and 28.
14
Let w = -28 - -32. Suppose -w*m - 4*s = -368, 2*m + 3*m + 4*s - 458 = 0. Calculate the greatest common factor of 18 and m.
18
Let o be 24/15 + (-12)/20. Let v be ((-15)/(-5) - -3)*(10 + o). What is the greatest common divisor of v and 44?
22
Let s(o) = -o**2 - o - o + 4*o - o + 9. Let y be s(0). Suppose 0 = 2*u + 3*a, -28*u + 27*u - 5*a = 7. What is the greatest common factor of u and y?
3
Let x(c) = -27*c + 1. Let z be x(-1). Let h = 15 - z. Let l = -4 - h. Calculate the highest common factor of 6 and l.
3
Suppose 0 = 5*a - 3*a. Suppose a = 2*b - 4*b + 118. Suppose 5*d - 55 = -5*i, -2*i - 3*i - d = -b. What is the greatest common factor of 12 and i?
12
Let b = 831 - 723. What is the greatest common factor of b and 36?
36
Suppose 113*f + 37*f = 52500. What is the highest common divisor of 325 and f?
25
Let c(h) = 1. Let y(q) = 18*q - 36. Let v(i) = 36*c(i) + y(i). Let j be v(-2). Let d be ((-10)/(-15))/((-8)/j). Calculate the greatest common factor of d and 3.
3
Let n be (-8)/(-10)*8*5. Suppose 0 = -3*s + 384 + 480. What is the greatest common factor of n and s?
32
Let y(g) = 4*g**2 + 7*g + 7. Let i be y(-5). Let a be (4/(-12))/((-1)/72). What is the greatest common factor of a and i?
24
Let v be (11 - 10)/((-1)/(-3)). Suppose -4*t - v*h = -305, -3*h - 20 = h. What is the greatest common factor of 10 and t?
10
Let m = 417 + -392. What is the highest common factor of m and 100?
25
Suppose 65*j + 2850 = 75*j. Calculate the greatest common factor of 150 and j.
15
Let y(o) = -o + 22. Let b be y(0). Let i = -23 + b. Let q be i*2/(-4 + 2). Calculate the greatest common divisor of 9 and q.
1
Let m = -11 - -15. Let c be ((-2)/m)/(1/(-64)). Let f be c/12*(-276)/(-16). Calculate the greatest common factor of 23 and f.
23
Let c = -38 - -64. Let k = 7 - 2. Suppose -48 = -4*s - 2*v, -k*v - 83 = -5*s - 8. Calculate the greatest common divisor of c and s.
13
Suppose 44 = o - 4*p, 4*o + p - 2*p = 221. What is the greatest common factor of 16 and o?
8
Suppose j - 5 = 2. Let t(d) = d + 0*d**2 - 4*d + d - j + 9*d**2. Let z be t(-3). What is the greatest common divisor of 10 and z?
10
Let u = 448 + -424. What is the highest common factor of u and 30?
6
Let x(d) be the first derivative of -d**4/4 - 8*d**3/3 + 3*d**2 + 9*d - 1. Let t be x(-9). Calculate the highest common factor of 54 and t.
18
Suppose 0 = -5*k - 5*l + 25, 5 + 8 = 2*k + 5*l. Let t(g) = 3*g - 4. Let d be t(k). Calculate the greatest common divisor of d and 56.
8
Let k = 754 + -474. What is the greatest common divisor of k and 1260?
140
Let b be (49*5/70)/(2/8). What is the highest common factor of 154 and b?
14
Let t(s) = 0*s - 2 + 2*s + s**2 + 1. Let o be t(-3). Calculate the greatest common divisor of o and 10.
2
Suppose 13*r = 2273 - 128. What is the highest common divisor of 110 and r?
55
Let p = 9 - 1. Suppose -f + 20 - p = 0. Suppose -r + 4*k = -f, -3*r + 8 = 2*k - 28. Calculate the highest common factor of r and 60.
12
Let f(v) = -5*v - 20. Let m be f(-8). Let t(g) = g**2 - 18*g - 22. Let h be t(m). Let i = 65 + -38. Calculate the greatest common factor of h and i.
9
Let g be 24/96 - (-2 - (-26)/8). Let y be (-105)/(-126) + 2*g/(-12). Calculate the highest common factor of y and 8.
1
Let x(m) = -4*m + 4*m - 24 + 22 + 47*m**2 - 3*m. Let c be x(-2). What is the highest common factor of 24 and c?
24
Suppose -5*v - p = -50, 0*v - 3*p + 33 = 2*v. Let d be (-88)/(-11) - (0 + -1). Calculate the greatest common factor of d and v.
9
Suppose 2*c + 35 = 3*c. Suppose 0 = -16*q + 11*q + c. What is the greatest common divisor of 7 and q?
7
Let v(g) = -2*g**3 + 2*g**2 + 3*g + 2. Let k be v(-1). Let l be (-14)/k*3*(-180)/70. Calculate the greatest common factor of l and 24.
12
Let k be 2 + (-132)/(-15) + (-5)/(-25). Let x(v) = 8*v + 38. Let z be x(k). Calculate the highest common divisor of 18 and z.
18
Let c(t) = 70*t**2 - 2*t - 2. Let y be c(-1). What is the highest common divisor of y and 20?
10
Let p = 2508 + -2502. What is the greatest common factor of p and 264?
6
Let y = -187 - -292. Calculate the highest common divisor of y and 140.
35
Let x = -149 + 380. What is the highest common factor of 63 and x?
21
Let p = -79 + 88. What is the greatest common divisor of 3 and p?
3
Suppose 2*c = -c + 3. Let a be 27 - 4*(-3)/6. Let z = a - 22. Calculate the highest common factor of z and c.
1
Let s(o) = -2*o - 3. Let y(p) = -3*p - 5. Let d(b) = 8*s(b) - 5*y(b). Let i be d(-7). What is the highest common factor of i and 12?
4
Suppose 4*d - 14 = -4*b + 42, d = 2. Let p(a) = 3*a - 18. Let v be p(b). Let n = 30 + 6. What is the highest common factor of n and v?
18
Let w(a) = -13*a - 6. Let d be w(-2). Calculate the greatest common factor of 1280 and d.
20
Let f be -3 + (10/(-5) - -18). Calculate the greatest common divisor of 117 and f.
13
Let h(x) = -x**2 + 30*x + 7. Let p be h(14). Let m = -62 + 83. What is the greatest common factor of m and p?
21
Let b be (-2 + -9)/(3/(-30)). Suppose -5*n - 5*z + 0*z = -130, -4*n + 84 = -z. Calculate the highest common divisor of n and b.
22
Suppose -2*q + w = -224, 2*w = -96*q + 101*q - 560. What is the highest common factor of q and 24?
8
Let c(g) = 3*g**2 + 5*g + 3. Suppose -d = 4*o - 14, d - 5 = -4*o + 3*o. Let s be c(o). Calculate the highest common divisor of 360 and s.
45
Let w = -14 - -31. Let f = 8 - w. Let d(i) = -i**3 - 9*i**2 - 2*i - 6. Let y be d(f). Calculate the greatest common factor of 84 and y.
12
Let t = 18 - 23. Let n be 139 + 1 + (-15)/t. Calculate the highest common divisor of 13 and n.
13
Suppose 3*l - 18